 (-19 + 7 - -37)) + 0.
-21
Calculate (0 - -1 - -3) + 14 + -6 - 50.
-38
What is -12 - -1 - (0 + -4 + (-40 - -44))?
-11
Calculate (-12 - -12) + 3 + -10 + 0.
-7
Evaluate -94 + (23 - -11) - -26.
-34
Calculate 18 - (18 + (-14 - -15)).
-1
What is -3 - -9 - (0 - -4 - 11)?
13
Evaluate (10 - -19) + -5 - (-78 + 80).
22
11 - (3 - (12 + -6 + 20))
34
Calculate 5 + 16 + -8 + -5 - (-4 - -2).
10
Evaluate 17 + -288 + 271 + 12 + -1.
11
1 - 1 - ((21 - 15) + (1 - 15))
8
What is the value of (-9 - (1 + 0)) + (21 - 19) + 1?
-7
What is the value of (6 - -1 - -13) + -40 + -10?
-30
Calculate 0 + (34 - (42 - 7)).
-1
Calculate (-20 - -42) + -13 + (-1 - 8).
0
What is the value of -75 + 93 - (9 + -2)?
11
What is -6 + 11 - 3 - 2 - (-2 + 0)?
2
Calculate -2 - (5 - -2 - (2 + -8 + 0)).
-15
What is the value of 21 - 10 - (-6 - -28)?
-11
What is the value of 17 - (176 + -191 - (-62 + 1))?
-29
What is the value of 30 + -9 + 25 - 22?
24
What is the value of (26 - 4) + 1 + -10?
13
What is the value of 22 + 0 + 0 + -12?
10
10 + -2 + 0 - (10 + 52 + -67)
13
Calculate (22 - (9 + 23)) + 7 - (2 - -1).
-6
What is the value of (0 + 2 + -4 - (2 + 3)) + 2?
-5
(-3 + -1 - (-19 + 28)) + 21
8
Evaluate -6 + (8 - (-12 + (11 - 0))).
3
17 - (-3 - -16 - (1 + -5 - -11))
11
Calculate -67 - (-8 + -25 + 1).
-35
Calculate 5 - (6 - (-9 - -2)).
-8
What is the value of (33 - (33 - 6)) + (-3 - 25)?
-22
What is 2 + (5 - 9) - 6 - (0 - 25)?
17
What is -23 + 32 + 12 - 22?
-1
What is (13 + -3 - -13) + -18?
5
0 + (0 - 1) + 1 + 11 + -16
-5
Evaluate -9 - (-1 + 4 + (16 - 11)).
-17
What is the value of -77 - -98 - (45 + 2)?
-26
3 + 6 - (24 + -11) - 12
-16
Calculate 11 + -8 + -17 + 2 + 4.
-8
Calculate -1 + -17 + (-2 + 15 - 8).
-13
(1 + 8 + -8 - -7 - -2) + 7
17
-2 + (14 - 5) - 12
-5
What is -4 + 10 + (120 - 110 - (10 + 1))?
5
(-14 - (-12 - 19) - (0 - 1)) + -2
16
What is 7 + (2 - 11) + -4 + -5?
-11
-2 + -1 - (-19 + (-7 - -13) + -6)
16
What is (0 - -1) + (8 - 7) + -15 + 10?
-3
What is (0 + (12 - -1) - (-89 + 94)) + -7?
1
What is the value of 5 - (-3 - -8) - (-51 + 39)?
12
What is -1 + 2 + (14 - -75) + -94?
-4
Evaluate (21 - 7) + -7 + 10.
17
-6 + (-19 - 10 - -23)
-12
What is the value of 1 - 18 - (68 + 18 + -86)?
-17
Calculate -4 - (-14 + (-4 - -10) - -12).
-8
Evaluate 4 + -7 + -16 - -9.
-10
54 + -54 - (0 + 4 + -2 + 1)
-3
Calculate -3 + (6 - (9 + (-4 - 0))) + 0.
-2
Evaluate -3 + (-17 - (33 - 23)).
-30
What is 21 + -24 + 26 + -15?
8
What is the value of -2 + -1 + -14 + 13 + -3?
-7
Evaluate 19 - (-1 - -23) - 10.
-13
(41 - 6 - 14) + -9
12
Calculate ((1 - 6) + -8 - -12) + -28.
-29
What is the value of 9 + 3 + -15 + 11?
8
Calculate -3 + 22 + -4 + (9 + -11 - -14).
27
What is the value of -12 + 1 - (-31 + 11)?
9
1 + -1 + 0 + (4 - -6) + -12
-2
Evaluate 3 - ((28 - 26) + -22).
23
27 + 1 - (517 + -503)
14
Calculate 6 - -1 - (9 + -22 + 4 + 16).
0
17 + -48 + (15 - -4) + -9
-21
-34 + 13 + 1 + 8
-12
What is the value of -18 - ((6 - 2) + 7 + -15)?
-14
What is (-4 - -1) + (1 - (-3 + 9))?
-8
Calculate 14 + -4 - (0 + 14) - 1.
-5
Evaluate 20 - 0 - ((4 - -1) + (26 - 29)).
18
What is the value of -10 + (3 - (-17 + 3 + 7))?
0
What is the value of 26 + (-3 - (8 - 0)) - 17?
-2
-33 - -11 - (72 - 118)
24
What is (-2 - -12) + (-44 - -18) + 9?
-7
Calculate (-2 - 2 - -3) + (3 + -5 - -12).
9
What is the value of -7 + (0 + -6 + 3 + 5 - -20)?
15
-2 + 3 + (11 + -10 - -1) + 1
4
-11 + 11 + 4 + -12 - (-2 - -1)
-7
Evaluate -11 + (-4 - (-4 - 11)).
0
Evaluate 5 + (-1 - (-8 + 9)) + -2.
1
What is -18 + 3 + -8 - (1 + 0 + -6)?
-18
Evaluate (-5 - ((2 - 1) + -2)) + (12 - -12).
20
What is -9 + (37 - 10) + (7 - -4) + -23?
6
Calculate (-2 - 0) + (-10 - -13 - 11) - -4.
-6
What is the value of (-9 - -34) + (-82 - -53)?
-4
-21 + 5 - (-2 - 17)
3
What is -23 + 16 + -2 + (-7 - -17)?
1
What is 0 + -1 + (1 + (-8 - -3) - -6)?
1
What is 27 - -1 - (18 - 11 - 8)?
29
Calculate 9 - (-7 + 14 + -8 + 14).
-4
Evaluate (915 - 936) + (14 - -1 - 0).
-6
Evaluate -11 + 3 - 3 - -20.
9
(-7 - -12) + (56 + -48 - (5 + -1))
9
Evaluate -10 + 9 + -8 + 15 + -2.
4
Evaluate -10 - (-12 - (-15 + 12)).
-1
(16 - 6 - -4) + -5 - (-17 - -2)
24
Evaluate (3 - (3 - 8)) + (-28 - (-13 - -10)).
-17
Calculate (-1 - -12) + (11 - (16 + -7 + -1)).
14
Evaluate -33 - (-10 - (-13 - -30)).
-6
Calculate (7 - 2) + -28 + 6 + 1 + 5.
-11
Evaluate -12 + 44 + -26 + (-7 + 1 - 2).
-2
What is the value of 14 - (35 - 8) - -16?
3
28 + (-27 - 9) + -12 + -1
-21
-33 + 2 - -8 - -14 - 10
-19
Evaluate 10 + (-23 - 2) + 12 + -10.
-13
-24 - 0 - (5 + -7 - 0)
-22
Calculate 332 - 324 - ((14 - 2) + -2).
-2
What is the value of 5 + (7 - 7 - 7 - 2)?
-4
What is the value of 1 - ((15 - 10) + -7)?
3
What is the value of (13 - 1) + (364 - 367)?
9
Calculate -14 - 1 - (-13 + 3 - -4).
-9
Evaluate (-9 - -4) + (16 - (-5 - -8)) - -7.
15
What is 0 + (-6 - -1) + (115 - 127)?
-17
3 + 2 + -4 + 6 + (3 - 11)
-1
What is 1 - ((2 - 31) + 1 + 11)?
18
37 + 0 + -12 + -42
-17
-5 - ((0 + -9 - -4) + 7)
-7
What is -10 - (24 - 34 - 7)?
7
What is the value of 29 + -5 - ((3 - (-9 - 2)) + -5)?
15
What is (-3 - (-2 - -2)) + (-1 + -9 - -6)?
-7
Calculate -12 - (1 - (11 - -1)).
-1
What is (1 + 0 - 4) + 3 + (-11 - -2)?
-9
47 + -62 + 4 + -13
-24
What is the value of 1 + 53 + -66 + 8 + -1?
-5
Evaluate 0 + -10 + -15 + -2 + 0.
-27
14 + -8 + 7 + -3 + 6 + -4
12
Evaluate 95 + -105 - (-25 + 3 + 4).
8
2 - (-13 - -1 - -16 - (1 + -5))
-6
-14 - (-5 - 2 - 6) - -19
18
What is the value of (15 - 11 - -1) + 8?
13
Calculate 13 - 1 - (-8 - -38).
-18
What is the value of 20 + (9 - (-38 - -82))?
-15
What is the value of -11 + (8 - 5 - -12)?
4
-3 + 4 - (-11 - (5 - 9))
8
Calculate -670 - -649 - ((-1 - -1) + -4) - 11.
-28
What is -2 + 6 - (62 - 64)?
6
What is the value of 4 + -6 + 12 - (1 - (2 + -5))?
6
What is the value of (-23 + 24 - -23) + -22?
2
-10 + (-5 + 1 - -3)
-11
Calculate 4 - (-5 + 1) - (59 + -51).
0
Evaluate (0 - (2 - (17 + -9))) + 2.
8
0 + -7 + (6 + 1 - 6) + 14
8
What is the value of -2 - (8 - 1 - (-1 - -12))?
2
4 + (-7 - -6) + (-2 - -1) + -11
-9
Evaluate 24 + (-2 + -11 - -8) + 3.
22
What is 104 + -133 + 0 + -3 + 17?
-15
What is the value of (8 + -5 - 5) + (7 - 5) + 1?
1
What is 10 - (14 - (-4 + 8 + -11))?
-11
What is 11 + (-6 - 1 - -8) - 5?
7
Evaluate -14 + 21 + -7 - (-6 - 1).
7
Calculate 351 + -365 - (2 - 25).
9
What is the value of 718 + -720 + (2 + 5 - -2)?
7
Evaluate -7 - (-17 + 5 + 1) - 8.
-4
Calculate (-157 - -169) + -19 + -1.
-8
Evaluate 3 + (9 - 8) + (-1 - 4) + -8.
-9
What is the value of (4 - 7) + 14 - (-3 + -2 + 5)?
11
Calculate 16 + (0 - 10) + 6 + -4.
8
What is the value of 32 + (-8 - 33) + 0 + 10?
1
Evaluate -47 - (27 - (90 + -32)).
-16
What is the value of -1 + -21 + 1 + (-32 - -31)?
-22
What is -1 + -1 - (-38 - -10 - -17) - 2?
7
What is the value of (45 - 21) + -11 + -7?
6
What is -2 - (26 + 3 + 0 + (69 - 62))?
-38
What is -2 - (-5 - (-20 + 6))?
-11
What is the value of -17 - ((10 - 9) + (3 - 7) + -4)?
-10
Calculate 9 - (-7 + 19 + 17).
-20
-13 + (18 - 7) - (7 + 4)
-13
Calculate 9 + -8 - 16 - -48.
33
Evaluate (1 - 8) + (-19 - -23).
-3
Evaluate -31 + (-21 - -25) + 41.
14
(30 - 69) + 47 - -15
23
5 + 0 - (-2 + -2 + 8 + 1)
0
What is the value of (1 - -17) + 22 + -17 + -11?
12
What is the value of (37 - 32) + 53 + -35?
23
What is (2 - (35 - 0)) + (-49 - (-52 - 0))?
-30
8 - 1 - (-3 - (7 - 9) - 0)
8
(-34 - -50) + -11 - (34 - -4)
-33
Evaluate -95 - -101 - (2 + 19).
-15
(150 - 165) + (-1 - -16)
0
Calculate 6 - 0 - (1 + 12) - -22.
15
What is the value of 13 + -1 + (-440 - -411)?
-17
What is 24 - (-12 + 3 - (1 - (9 + 3)))?
22
Evaluate 4 - 9 - ((8 - -8) + -6).
-15
(10 - -37) + -49 - (0 - 15)
13
What is the value of 10 - 12 - -4 - (3 - 0)?
-1
What is the value of (2 - -5) + (-5 - (-8 - -8)) + -18?
-16
Evaluate -9 + 1 - (-2 + (10 - -3) + -5).
-14
0 + (-7 + (-5 - -7) - (11 + -37))
21
Evaluate 1 - (-10 - (-14 - -7)) - 6.
-2
90 + -93 + (6 - 0)
3
What is 2 + (2 + -5 - 1 - -1 - -3)?
2
17 - (29 + -16 - 7)
11
-3 + -5 + -5 - (-8 + -2 - -15)
-18
8 - (-14 + (-13 - -9) + 1)
25
13 - 10 - (-16 + -5)
24
What is -66 + 92 + -30 + (24 - (2 + -2))?
20
(-5 - (5 - (3 - 6))) + (-2 - -6)
-9
Calculate 5 + (-29 - (17 - 31)).
-10
What is the value of (-2 - (-3 - (-2 - (0 + -1)))) + -11?
-11
What is 3 + (14 + -10 - (3 + -3))?
7
-6 + -11 + (13 - -5)
1
What is 16 + (8 - 21) + -7?
-4
-3 + 3 + (-11 - -10)
-1
What is the 